13) to base 12
137
Convert -a (base 12) to base 10.
-10
What is 4 (base 7) in base 5?
4
3 (base 7) to base 4
3
Convert -112 (base 11) to base 10.
-134
Convert -a (base 13) to base 4.
-22
What is -2 (base 10) in base 16?
-2
What is 0 (base 15) in base 13?
0
Convert -3 (base 12) to base 6.
-3
-241 (base 6) to base 9
-117
7 (base 16) to base 7
10
1 (base 11) to base 15
1
Convert 1 (base 3) to base 5.
1
1010 (base 2) to base 4
22
-4 (base 14) to base 16
-4
What is 0 (base 15) in base 10?
0
What is 0 (base 3) in base 9?
0
Convert 1 (base 8) to base 5.
1
5 (base 8) to base 2
101
Convert 3 (base 7) to base 9.
3
104 (base 10) to base 15
6e
-2c (base 15) to base 12
-36
-11 (base 2) to base 7
-3
-6 (base 9) to base 2
-110
What is -3 (base 12) in base 10?
-3
What is 101000010 (base 2) in base 16?
142
What is -8 (base 16) in base 2?
-1000
What is 14 (base 8) in base 3?
110
What is 1 (base 10) in base 7?
1
2 (base 10) to base 2
10
Convert -301 (base 4) to base 3.
-1211
What is -1010010 (base 2) in base 5?
-312
What is -4 (base 11) in base 2?
-100
Convert 10 (base 3) to base 8.
3
-9 (base 14) to base 9
-10
What is -4 (base 14) in base 5?
-4
2 (base 9) to base 16
2
101 (base 2) to base 9
5
Convert 102 (base 3) to base 7.
14
1211 (base 5) to base 8
265
What is -1 (base 3) in base 4?
-1
-5 (base 9) to base 13
-5
What is -1 (base 8) in base 11?
-1
What is -1 (base 8) in base 9?
-1
Convert 2 (base 12) to base 5.
2
Convert -4 (base 11) to base 15.
-4
4 (base 8) to base 5
4
Convert 3 (base 13) to base 10.
3
-20 (base 6) to base 14
-c
What is -33 (base 5) in base 15?
-13
Convert 142 (base 9) to base 15.
7e
1 (base 12) to base 6
1
Convert 4d (base 16) to base 12.
65
0 (base 13) to base 11
0
Convert b8 (base 15) to base 8.
255
What is 1 (base 15) in base 5?
1
What is -436 (base 7) in base 10?
-223
-3 (base 12) to base 15
-3
7 (base 15) to base 7
10
-135 (base 6) to base 11
-54
Convert 1110 (base 2) to base 15.
e
Convert 8 (base 12) to base 7.
11
Convert 4 (base 7) to base 9.
4
5 (base 13) to base 8
5
What is -364 (base 7) in base 14?
-db
What is -53 (base 8) in base 6?
-111
What is 2 (base 12) in base 15?
2
Convert 27 (base 10) to base 11.
25
-1121 (base 4) to base 12
-75
What is -3 (base 14) in base 12?
-3
9 (base 13) to base 9
10
21 (base 4) to base 15
9
Convert 7 (base 12) to base 9.
7
What is -91 (base 10) in base 4?
-1123
What is -a0 (base 14) in base 13?
-aa
-7 (base 12) to base 14
-7
What is -112 (base 8) in base 13?
-59
39 (base 12) to base 2
101101
Convert 1 (base 11) to base 15.
1
What is 19 (base 13) in base 8?
26
Convert 4 (base 13) to base 4.
10
What is -d (base 15) in base 4?
-31
Convert 3 (base 9) to base 11.
3
What is -29 (base 12) in base 2?
-100001
What is 2 (base 16) in base 4?
2
What is -122 (base 3) in base 4?
-101
-1 (base 9) to base 16
-1
-38 (base 14) to base 3
-1212
Convert -88 (base 16) to base 3.
-12001
What is 74 (base 11) in base 15?
56
What is -3 (base 5) in base 16?
-3
Convert -11 (base 9) to base 8.
-12
Convert -312 (base 5) to base 6.
-214
Convert 114 (base 15) to base 5.
1434
Convert 20 (base 3) to base 13.
6
What is 4 (base 12) in base 2?
100
64 (base 16) to base 8
144
Convert -1001 (base 2) to base 5.
-14
Convert -1 (base 8) to base 9.
-1
Convert -15b (base 12) to base 6.
-555
What is -67 (base 11) in base 2?
-1001001
What is 95 (base 14) in base 16?
83
-12 (base 4) to base 10
-6
What is 0 (base 9) in base 7?
0
-21 (base 13) to base 12
-23
4a (base 14) to base 7
123
-5 (base 16) to base 13
-5
Convert 14 (base 6) to base 13.
a
What is 5 (base 6) in base 12?
5
What is -24 (base 9) in base 3?
-211
What is -1 (base 8) in base 16?
-1
Convert -10 (base 3) to base 11.
-3
Convert -c (base 14) to base 3.
-110
0 (base 7) to base 13
0
-33 (base 4) to base 13
-12
Convert -4 (base 16) to base 7.
-4
6 (base 8) to base 11
6
What is -15 (base 9) in base 10?
-14
What is 2a (base 16) in base 11?
39
Convert 12 (base 15) to base 3.
122
-100100 (base 2) to base 10
-36
Convert -17 (base 9) to base 2.
-10000
-1 (base 2) to base 11
-1
What is -80 (base 16) in base 4?
-2000
What is 2111 (base 3) in base 13?
52
What is 1 (base 3) in base 2?
1
63 (base 12) to base 2
1001011
-11 (base 5) to base 11
-6
100 (base 3) to base 6
13
What is 100 (base 3) in base 10?
9
-12 (base 16) to base 3
-200
Convert -10010 (base 2) to base 10.
-18
3 (base 13) to base 15
3
Convert -5 (base 12) to base 10.
-5
What is 400 (base 8) in base 12?
194
What is -259 (base 11) in base 9?
-370
114 (base 10) to base 7
222
40 (base 11) to base 8
54
2 (base 10) to base 7
2
Convert -25 (base 9) to base 16.
-17
4 (base 14) to base 9
4
-4 (base 9) to base 7
-4
What is -6c (base 16) in base 5?
-413
202 (base 3) to base 14
16
Convert -21 (base 3) to base 9.
-7
Convert 1 (base 6) to base 5.
1
What is 233 (base 4) in base 8?
57
-10 (base 3) to base 15
-3
-1 (base 16) to base 11
-1
-100 (base 11) to base 5
-441
What is 12 (base 3) in base 6?
5
What is -1110 (base 6) in base 9?
-316
What is 0 (base 13) in base 9?
0
What is 3 (base 10) in base 5?
3
What is 10 (base 12) in base 4?
30
Convert 30 (base 8) to base 12.
20
0 (base 10) to base 14
0
-403 (base 7) to base 15
-d4
30 (base 11) to base 8
41
What is 9 (base 11) in base 6?
13
What is -21 (base 3) in base 2?
-111
Convert -21 (base 9) to base 7.
-25
-22 (base 6) to base 10
-14
1 (base 7) to base 9
1
5 (base 6) to base 15
5
-101011 (base 2) to base 16
-2b
Convert 0 (base 7) to base 5.
0
-358 (base 11) to base 9
-523
What is -3b (base 13) in base 9?
-55
Convert -200 (base 3) to base 10.
-18
Convert 102 (base 6) to base 16.
26
What is 2 (base 4) in base 14?
2
What is -2 (base 16) in base 10?
-2
Convert -203 (base 5) to base 12.
-45
What is -3 (base 12) in base 11?
-3
-15 (base 11) to base 13
-13
-44 (base 9) to base 16
-28
521 (base 7) to base 10
260
Convert 154 (base 7) to base 5.
323
What is 4 (base 12) in base 3?
11
Convert -21 (base 5) to base 16.
-b
Convert -2 (base 11) to base 16.
-2
What is -4d (base 15) in base 6?
-201
-1 (base 13) to base 12
-1
What is -15 (base 7) in base 13?
-c
Convert 13 (base 5) to base 2.
1000
What is -2 (base 16) in base 12?
-2
26 (base 7) to base 2
10100
Convert -4 (base 12) to base 5.
-4
Convert -1b9 (base 15) to base 2.
-110001111
Convert -f5 (base 16) to base 7.
-500
What is 130 (base 14) in base 12?
17a
Convert 221 (base 6) to base 9.
104
d (base 16) to base 4
31
123 (base 4) to base 7
36
-150 (base 13) to base 11
-1a3
-13 (base 6) to base 15
-9
8 (base 11) to base 7
11
Convert -4a (base 15) to base 5.
-240
Convert 15 (base 10) to base 4.
33
0 (base 11) to base 15
0
Convert 410 (base 8) to base 14.
14c
What is 1 (base 13) in base 11?
1
What is -3 (base 15) in base 14?
-3
What is -1212 (base 5) in base 11?
-156
10 (base 13) to base 12
11
-1011000 (base 2) to base 6
-224
-2 (base 11) to base 9
-2
101 (base 3) to base 9
11
25a (base 11) to base 5
2212
What is 6 (base 16) in base 14?
6
Convert -a (base 14) to base 3.
-101
-266 (base 10) to base 11
-222
Convert 331 (base 4) to base 14.
45
1001111 (base 2) to base 8
117
-6d (base 16) to base 3
-11001
2 (base 8) to base 10
2
What is 100010 (base 2) in base 16?
22
-29 (base 15) to base 9
-43
18 (base 14) to base 15
17
Convert -321 (base 5) to base 15.
-5b
-146 (base 11) to base 3
-20100
What is 51 (base 13) in base 16?
42
6 (base 7) to base 12
6
-2 (base 4) to base 15
-2
What is 11 (base 3) in base 15?
4
12 (base 12) to base 14
10
What is -1 (base 15) in base 16?
-1
-7 (base 16) to base 4
-13
What is 2 (base 15) in base 11?
2
-121 (base 4) to base 13
-1c
Convert -1 (base 9) to base 4.
-1
What is -88 (base 9) in base 2?
-1010000
What is d (base 15) in base 2?
1101
-3 (base 14) to base 8
-3
-1100 (base 2) to base 14
-c
What is -5 (base 12) in base 8?
-5
-1110010 (base 2) to base 7
-222
What is 220 (base 3) in base 6?
40
Convert 112 (base 3) to base 12.
12
Convert 1201 (base 3) to base 2.
101110
16 (base 16) to base 6
34
What is 3 (base 13) in base 14?
3
Convert -2 (base 8) to base 7.
-2
Convert -1 (base 6) to base 11.
-1
What is -15 (base 6) in base 7?
-14
-6 (base 13) to base 14
-6
What is 1 (base 12) in base 16?
1
What is -56 (base 8) in base 3?
-1201
What is 311 (base 4) in base 15?
38
What is b7 (base 16) in base 8?
267
Convert 201 (base 6) to base 4.
1021
What is 4 (b